v/30 + 104/3?
5, 7
Let w(u) = -9*u - 2*u**2 + u**2 + 15 - 5 - 2. Let x be w(-13). Let b = -18 - x. What are the prime factors of b?
2, 13
Suppose 3 - 11 = -4*c. Suppose -c*q + 58 = -q. List the prime factors of q.
2, 29
Let p be 24/14 - 2/(-7). Let g = 15 - p. List the prime factors of g.
13
Let r(d) = d**3 + 15*d**2 - 12*d - 5. Let l be r(-16). Let n = -56 - l. What are the prime factors of n?
13
Let h(u) = -6*u - 12. Let y be h(3). What are the prime factors of (y/8)/(9/(-180))?
3, 5
What are the prime factors of 6*(180 - (3 + -3))?
2, 3, 5
Let o be (-121)/(-4) - (-6)/8. Let m(t) = -t**2 - 10*t + 4. Let b be m(-9). Let k = o + b. List the prime factors of k.
2, 11
Let o(a) = 12*a - 40. What are the prime factors of o(4)?
2
Let f(v) = -4*v - 14. Let p be f(7). Let u be (-1)/(-4) - 634/8. Let s = p - u. List the prime factors of s.
37
Let v be ((-18)/7)/(24/(-112)). Suppose 4*l - 44 + v = 0. What are the prime factors of 12/l*(1 - -5)?
3
What are the prime factors of 1/((-15)/(-1083))*5*1?
19
Suppose 23*w = -23 + 69. Let b be 34/10 - 4/10. Suppose 0 = -k + 2*f + 60, -w*f = k + b*f - 67. List the prime factors of k.
2, 31
Let b(g) = -g**3 + 15*g**2 - 7*g - 19. Let t be b(8). Suppose -3*s + t = 22. What are the prime factors of s?
3, 13
Suppose 0*a - 3*a + 27 = 0. Let b = a + 1. What are the prime factors of ((-27)/(-6) - 1)*b?
5, 7
Let t = 113 - 109. List the prime factors of 120*(-5)/((-20)/t).
2, 3, 5
Let g(c) = c**2 + c. Let i be g(-2). Let y be 308/i*(-15)/(-30). Suppose 3*s = v + 63, -y - 18 = -4*s + 5*v. What are the prime factors of s?
2, 5
Let j(v) = -5*v + 2. Let s(h) = h**2 + 5 + 1 - 1 - 10*h + 0*h**2. Let z(k) = -5*j(k) + 3*s(k). What are the prime factors of z(3)?
17
Let d(t) = t**2 - 37. Let k be d(7). Suppose k*j = 11*j + 157. What are the prime factors of j?
157
Let s = -142 + 518. What are the prime factors of s?
2, 47
Let j = -630 + 604. Let w(a) = 69*a**3 - a**2 + a - 1. Let m be w(1). Let x = j + m. List the prime factors of x.
2, 3, 7
Suppose 3*l + 40 = -2*l. Let s be (-987)/28 - 2/l. List the prime factors of (-104)/(-7) + (-5)/s.
3, 5
Suppose -3*c + 5*a - 4 = 0, -c = 2*c - 3*a. Let r(o) = o**3 + 11*o**2 + 11*o + 10. Let g be r(-10). Suppose c*w + w - 24 = g. What are the prime factors of w?
2
What are the prime factors of -2 + 320/144 - (-36889)/9?
4099
Let h = -2 - 2. Let u(n) = n**3 + 5*n**2 - n + 1. List the prime factors of u(h).
3, 7
Let c = -88 - -370. What are the prime factors of c?
2, 3, 47
Let k be (6/4)/(4/56). Suppose -5*h + k = -4. Suppose -h*d - g = 4*g - 200, 2*g = 4*d - 166. What are the prime factors of d?
41
Let n = 499 - 130. List the prime factors of n.
3, 41
Let a = 1545 - 581. What are the prime factors of a?
2, 241
Let w(x) = 56*x**2 - 3*x + 3. Suppose -v + 5 = 2*j, 10 - 3 = -5*j + 4*v. What are the prime factors of w(j)?
2, 7
Let u be -11*(3 - 2)*-5. Suppose 4*t + 3*d = 53, -4*t + u + 0 = d. Suppose -5*m + 3*m = -t. What are the prime factors of m?
7
Let v = 697 + -179. What are the prime factors of v?
2, 7, 37
Suppose 17*x = 12*x - 45. What are the prime factors of 2/x - (-274)/18?
3, 5
Suppose l = -2*z, 10*z = 5*z - 4*l. Suppose z*g - 64 = -4*g. What are the prime factors of g?
2
Let b(p) = -p**3 + 18*p**2 - 38*p + 17. List the prime factors of b(11).
2, 223
Let w = -78 + 1769. What are the prime factors of w?
19, 89
Let f(y) = -y**2 + 1 + 1 + 8 + 10*y. Let h be 4/(-12) + 62/6. List the prime factors of f(h).
2, 5
Let y = 433 - 326. List the prime factors of y.
107
Let i = 993 - 985. What are the prime factors of i?
2
Let p be (1 - 0)*30/(-3). List the prime factors of 2/(-4) - 385/p.
2, 19
Suppose 0 = 30*m - 26*m + 4. Let u be 0 + 1 + 1/m. List the prime factors of u - (-7 + (-2 - -1)).
2
Let m be 39/15 - 8/(-20). Suppose 0 = -m*q - 2*q + 820. What are the prime factors of q?
2, 41
Let m(u) = -u**2 - 11*u + 4. Let z be m(-11). Suppose -z = k - 24. List the prime factors of k.
2, 5
Let l be -20*(-3)/15*15/(-6). List the prime factors of 4857/33 + l/55.
3, 7
Suppose -5*r - 6*z + z - 30 = 0, 4*z + 30 = -5*r. Let i(q) = -10*q - 38. What are the prime factors of i(r)?
2, 11
Let c(a) = a**2 + a + 1. Let v(z) = 10*z**2 + 18*z + 10. Let f(t) = -8*c(t) + v(t). List the prime factors of f(-9).
2, 37
Let r(w) = w**3 - 7*w**2 + 6. Let d be r(7). Let q be (-453)/d - 1/2. Let i = -37 - q. What are the prime factors of i?
3, 13
Suppose -278 - 646 = -14*u. What are the prime factors of u?
2, 3, 11
Let i(b) = -b**2 + 11*b - 5. Let t be i(11). Let a be 2/t + 352/80. Suppose -n + 6 = m - a*n, -2*n = 0. What are the prime factors of m?
2, 3
Let w(y) = -39*y + 160. List the prime factors of w(-17).
823
Let z(n) = n**2 - 9*n - 5. Let u be z(10). List the prime factors of (8/u)/(16/200).
2, 5
Let w(g) = g**3 - 3*g**2 + g - 12. Let c be (-4 - (-33)/9)*-18. What are the prime factors of w(c)?
2, 3, 17
Suppose 2*q - 5*q + 30 = 0. Suppose 3*i = -1 + q. List the prime factors of -1*i*(-343)/21.
7
Let m = -13 + 23. Let j be 2/4 - m/(-4). Suppose -j*z + 51 = -4*n + 2, 5*z - 87 = 4*n. What are the prime factors of z?
19
Let h(m) be the first derivative of 7*m**2/2 - m - 4. Let n be h(-3). Let o = -14 - n. What are the prime factors of o?
2
Suppose -5*k - 2*d = -0*k - 22, d - 8 = -2*k. Let t be ((-54)/15)/(k/(-100)). Let g = -31 + t. What are the prime factors of g?
29
Let k(j) = 2*j**2 - 4*j - 9. What are the prime factors of k(-19)?
3, 263
Suppose 5*z = -3*s + 414, z - 6*z + 4*s = -393. Suppose -65*v + z = -62*v. List the prime factors of v.
3
Suppose -4*l = -l - 54. Suppose 98 - l = i. Suppose 0 = 3*f - 8*f + i. What are the prime factors of f?
2
Let p(r) = -8*r + 3. Let h be p(4). Let l = -99 - h. Let n = -38 - l. List the prime factors of n.
2
Let b = 3059 + 72. What are the prime factors of b?
31, 101
Let r be -2 + 3/((-12)/16). Let o be (-200)/r - 5/15. Suppose -l = -2*l + o. List the prime factors of l.
3, 11
Suppose 0 = 16*q - 21*q + 215. Suppose -4*z + q = -5. List the prime factors of z.
2, 3
Suppose -14*y + 27260 = 15*y. What are the prime factors of y?
2, 5, 47
Let y = -36 + 30. What are the prime factors of (-120)/(y*3/12)?
2, 5
What are the prime factors of -5293*(-11 - (-18 - -8))?
67, 79
Suppose -5*r + 8*r = 57. What are the prime factors of r/6 + (-8)/48?
3
Let o(x) = -x**2 + 3*x - 11. Let j be o(-13). What are the prime factors of 2/(-6)*j - 1?
2, 3
Suppose -84078 = -30*n + 11742. List the prime factors of n.
2, 1597
Suppose 3*j - 3*u = 2412 - 744, -4*j - u + 2204 = 0. What are the prime factors of j?
2, 3, 23
Let r(d) = 198*d**2 + d. Suppose 11*v = 8*v + 3. What are the prime factors of r(v)?
199
Suppose -883*r + 862*r = -73794. What are the prime factors of r?
2, 7, 251
Let c(j) = 48*j**2 + 1 + j - 5 - 37*j**2. What are the prime factors of c(2)?
2, 3, 7
Suppose -2*u = -4*g - 16 - 10, 2*u - 32 = g. Let p = -1 + u. List the prime factors of p.
2
Let h(b) = -b**3 - b**2 + b - 8. Let q be h(0). List the prime factors of (-21*q/(-36))/((-2)/6).
2, 7
Suppose 0 = -2*q - 4*z + 12, 3*q - 10 = -z + 3*z. Suppose 6 = 2*c - q*c, d + 5*c = 3. Let k(o) = 3*o + 11. What are the prime factors of k(d)?
5, 13
List the prime factors of (-4)/(-16)*(1032 + -4).
257
Suppose -3*l + 1191 = 357. List the prime factors of l.
2, 139
Let u = -22 - -24. Suppose 83 + 60 = 5*c + u*v, -2*c = -v - 50. What are the prime factors of c?
3
Let l(v) = 18*v + 227. What are the prime factors of l(24)?
659
List the prime factors of ((-112)/24)/(-7) + (-2380)/(-3).
2, 397
Let v be 1162/(-21)*(-2 - 1). Suppose 65 = 3*r - v. List the prime factors of r.
7, 11
Let t be (-328)/4 + -2 + 4. Let c = t + 304. List the prime factors of c.
2, 7
Let u be 2 - (-10)/(-25)*5. Suppose n + 4*n = u. List the prime factors of 1*(-1 - n) + 30.
29
Let l = -70 - -68. What are the prime factors of (1/(-2))/(l/140)?
5, 7
Let l(t) = t**3 - 6*t**2. Let h be l(6). Suppose h = -10*p + 7*p + 15. Suppose -5*i = 3*o - 4*i - 46, p*i + 25 = 0. What are the prime factors of o?
17
Let l = -36 - -55. Suppose 2*x + 10 = 56. Suppose x = u + l. List the prime factors of u.
2
Suppose 0*y = 3*y. Suppose y = -g - 2*g + 36. Let s = g - -13. What are the prime factors of s?
5
Let x = 1 + -12. Let w = x + 18. List the prime factors of (-8)/(-28) + 19/w.
3
List the prime factors of (-78)